{"id":279,"date":"2020-05-30T00:15:09","date_gmt":"2020-05-29T22:15:09","guid":{"rendered":"https:\/\/thaiwok-restaurant.de\/merton\/?page_id=279"},"modified":"2020-06-05T13:28:01","modified_gmt":"2020-06-05T11:28:01","slug":"galerie","status":"publish","type":"page","link":"https:\/\/thaiwok-restaurant.de\/merton\/galerie\/","title":{"rendered":"Galerie"},"content":{"rendered":"\t\t<div data-elementor-type=\"wp-page\" data-elementor-id=\"279\" class=\"elementor elementor-279\" data-elementor-post-type=\"page\">\n\t\t\t\t\t\t<section class=\"elementor-section elementor-top-section elementor-element elementor-element-66a210cd elementor-section-boxed elementor-section-height-default elementor-section-height-default\" data-id=\"66a210cd\" data-element_type=\"section\" data-e-type=\"section\">\n\t\t\t\t\t\t<div class=\"elementor-container elementor-column-gap-no\">\n\t\t\t\t\t<div class=\"elementor-column elementor-col-100 elementor-top-column elementor-element elementor-element-788b591e\" data-id=\"788b591e\" data-element_type=\"column\" data-e-type=\"column\">\n\t\t\t<div class=\"elementor-widget-wrap elementor-element-populated\">\n\t\t\t\t\t\t<div class=\"elementor-element elementor-element-afb0248 elementor-widget elementor-widget-gallery\" data-id=\"afb0248\" data-element_type=\"widget\" data-e-type=\"widget\" data-settings=\"{&quot;columns&quot;:3,&quot;columns_mobile&quot;:2,&quot;gallery_layout&quot;:&quot;grid&quot;,&quot;columns_tablet&quot;:2,&quot;gap&quot;:{&quot;unit&quot;:&quot;px&quot;,&quot;size&quot;:10,&quot;sizes&quot;:[]},&quot;gap_tablet&quot;:{&quot;unit&quot;:&quot;px&quot;,&quot;size&quot;:10,&quot;sizes&quot;:[]},&quot;gap_mobile&quot;:{&quot;unit&quot;:&quot;px&quot;,&quot;size&quot;:10,&quot;sizes&quot;:[]},&quot;link_to&quot;:&quot;file&quot;,&quot;aspect_ratio&quot;:&quot;3:2&quot;,&quot;overlay_background&quot;:&quot;yes&quot;,&quot;content_hover_animation&quot;:&quot;fade-in&quot;}\" data-widget_type=\"gallery.default\">\n\t\t\t\t<div class=\"elementor-widget-container\">\n\t\t\t\t\t\t\t<div class=\"elementor-gallery__container\">\n\t\t\t\t\t\t\t<a class=\"e-gallery-item elementor-gallery-item elementor-animated-content\" href=\"https:\/\/thaiwok-restaurant.de\/merton\/wp-content\/uploads\/sites\/7\/2020\/05\/image00002.jpeg\" data-elementor-open-lightbox=\"yes\" data-elementor-lightbox-slideshow=\"afb0248\" data-e-action-hash=\"#elementor-action%3Aaction%3Dlightbox%26settings%3DeyJpZCI6MzE5LCJ1cmwiOiJodHRwczpcL1wvdGhhaXdvay1yZXN0YXVyYW50LmRlXC9tZXJ0b25cL3dwLWNvbnRlbnRcL3VwbG9hZHNcL3NpdGVzXC83XC8yMDIwXC8wNVwvaW1hZ2UwMDAwMi5qcGVnIiwic2xpZGVzaG93IjoiYWZiMDI0OCJ9\">\n\t\t\t\t\t<div class=\"e-gallery-image elementor-gallery-item__image\" data-thumbnail=\"https:\/\/thaiwok-restaurant.de\/merton\/wp-content\/uploads\/sites\/7\/2020\/05\/image00002.jpeg\" data-width=\"2048\" data-height=\"1536\" aria-label=\"Thai Wok Restaurant Frankfurt | Merton&#039;s Passage | thail\u00e4ndische K\u00fcche | sch\u00f6nes Ambiente\" role=\"img\" ><\/div>\n\t\t\t\t\t\t\t\t\t\t\t<div class=\"elementor-gallery-item__overlay\"><\/div>\n\t\t\t\t\t\t\t\t\t\t\t\t\t\t<\/a>\n\t\t\t\t\t\t\t<a class=\"e-gallery-item elementor-gallery-item elementor-animated-content\" href=\"https:\/\/thaiwok-restaurant.de\/merton\/wp-content\/uploads\/sites\/7\/2020\/05\/image00003-1.jpeg\" data-elementor-open-lightbox=\"yes\" data-elementor-lightbox-slideshow=\"afb0248\" data-e-action-hash=\"#elementor-action%3Aaction%3Dlightbox%26settings%3DeyJpZCI6MzIwLCJ1cmwiOiJodHRwczpcL1wvdGhhaXdvay1yZXN0YXVyYW50LmRlXC9tZXJ0b25cL3dwLWNvbnRlbnRcL3VwbG9hZHNcL3NpdGVzXC83XC8yMDIwXC8wNVwvaW1hZ2UwMDAwMy0xLmpwZWciLCJzbGlkZXNob3ciOiJhZmIwMjQ4In0%3D\">\n\t\t\t\t\t<div class=\"e-gallery-image elementor-gallery-item__image\" data-thumbnail=\"https:\/\/thaiwok-restaurant.de\/merton\/wp-content\/uploads\/sites\/7\/2020\/05\/image00003-1.jpeg\" data-width=\"2048\" data-height=\"1536\" aria-label=\"Thai Wok Restaurant Frankfurt | Merton&#039;s Passage | thail\u00e4ndische K\u00fcche | sch\u00f6nes Ambiente\" role=\"img\" ><\/div>\n\t\t\t\t\t\t\t\t\t\t\t<div class=\"elementor-gallery-item__overlay\"><\/div>\n\t\t\t\t\t\t\t\t\t\t\t\t\t\t<\/a>\n\t\t\t\t\t\t\t<a class=\"e-gallery-item elementor-gallery-item elementor-animated-content\" href=\"https:\/\/thaiwok-restaurant.de\/merton\/wp-content\/uploads\/sites\/7\/2020\/05\/image00005-scaled.jpeg\" data-elementor-open-lightbox=\"yes\" data-elementor-lightbox-slideshow=\"afb0248\" data-e-action-hash=\"#elementor-action%3Aaction%3Dlightbox%26settings%3DeyJpZCI6MzIxLCJ1cmwiOiJodHRwczpcL1wvdGhhaXdvay1yZXN0YXVyYW50LmRlXC9tZXJ0b25cL3dwLWNvbnRlbnRcL3VwbG9hZHNcL3NpdGVzXC83XC8yMDIwXC8wNVwvaW1hZ2UwMDAwNS1zY2FsZWQuanBlZyIsInNsaWRlc2hvdyI6ImFmYjAyNDgifQ%3D%3D\">\n\t\t\t\t\t<div class=\"e-gallery-image elementor-gallery-item__image\" data-thumbnail=\"https:\/\/thaiwok-restaurant.de\/merton\/wp-content\/uploads\/sites\/7\/2020\/05\/image00005-scaled.jpeg\" data-width=\"2560\" data-height=\"1920\" aria-label=\"Thai Wok Restaurant Frankfurt | Merton&#039;s Passage | thail\u00e4ndische K\u00fcche | sch\u00f6nes Ambiente\" role=\"img\" ><\/div>\n\t\t\t\t\t\t\t\t\t\t\t<div class=\"elementor-gallery-item__overlay\"><\/div>\n\t\t\t\t\t\t\t\t\t\t\t\t\t\t<\/a>\n\t\t\t\t\t\t\t<a class=\"e-gallery-item elementor-gallery-item elementor-animated-content\" href=\"https:\/\/thaiwok-restaurant.de\/merton\/wp-content\/uploads\/sites\/7\/2020\/05\/image00006.jpeg\" data-elementor-open-lightbox=\"yes\" data-elementor-lightbox-slideshow=\"afb0248\" data-e-action-hash=\"#elementor-action%3Aaction%3Dlightbox%26settings%3DeyJpZCI6MzIyLCJ1cmwiOiJodHRwczpcL1wvdGhhaXdvay1yZXN0YXVyYW50LmRlXC9tZXJ0b25cL3dwLWNvbnRlbnRcL3VwbG9hZHNcL3NpdGVzXC83XC8yMDIwXC8wNVwvaW1hZ2UwMDAwNi5qcGVnIiwic2xpZGVzaG93IjoiYWZiMDI0OCJ9\">\n\t\t\t\t\t<div class=\"e-gallery-image elementor-gallery-item__image\" data-thumbnail=\"https:\/\/thaiwok-restaurant.de\/merton\/wp-content\/uploads\/sites\/7\/2020\/05\/image00006.jpeg\" data-width=\"2048\" data-height=\"1536\" aria-label=\"Thai Wok Restaurant Frankfurt | Merton&#039;s Passage | thail\u00e4ndische K\u00fcche | sch\u00f6nes Ambiente\" role=\"img\" ><\/div>\n\t\t\t\t\t\t\t\t\t\t\t<div class=\"elementor-gallery-item__overlay\"><\/div>\n\t\t\t\t\t\t\t\t\t\t\t\t\t\t<\/a>\n\t\t\t\t\t\t\t<a class=\"e-gallery-item elementor-gallery-item elementor-animated-content\" href=\"https:\/\/thaiwok-restaurant.de\/merton\/wp-content\/uploads\/sites\/7\/2020\/05\/image00007.jpeg\" data-elementor-open-lightbox=\"yes\" data-elementor-lightbox-slideshow=\"afb0248\" data-e-action-hash=\"#elementor-action%3Aaction%3Dlightbox%26settings%3DeyJpZCI6MzIzLCJ1cmwiOiJodHRwczpcL1wvdGhhaXdvay1yZXN0YXVyYW50LmRlXC9tZXJ0b25cL3dwLWNvbnRlbnRcL3VwbG9hZHNcL3NpdGVzXC83XC8yMDIwXC8wNVwvaW1hZ2UwMDAwNy5qcGVnIiwic2xpZGVzaG93IjoiYWZiMDI0OCJ9\">\n\t\t\t\t\t<div class=\"e-gallery-image elementor-gallery-item__image\" data-thumbnail=\"https:\/\/thaiwok-restaurant.de\/merton\/wp-content\/uploads\/sites\/7\/2020\/05\/image00007.jpeg\" data-width=\"2048\" data-height=\"1536\" aria-label=\"Thai Wok Restaurant Frankfurt | Merton&#039;s Passage | thail\u00e4ndische K\u00fcche | sch\u00f6nes Ambiente\" role=\"img\" ><\/div>\n\t\t\t\t\t\t\t\t\t\t\t<div class=\"elementor-gallery-item__overlay\"><\/div>\n\t\t\t\t\t\t\t\t\t\t\t\t\t\t<\/a>\n\t\t\t\t\t\t\t<a class=\"e-gallery-item elementor-gallery-item elementor-animated-content\" href=\"https:\/\/thaiwok-restaurant.de\/merton\/wp-content\/uploads\/sites\/7\/2020\/05\/image00011.jpeg\" data-elementor-open-lightbox=\"yes\" data-elementor-lightbox-slideshow=\"afb0248\" data-e-action-hash=\"#elementor-action%3Aaction%3Dlightbox%26settings%3DeyJpZCI6MzI0LCJ1cmwiOiJodHRwczpcL1wvdGhhaXdvay1yZXN0YXVyYW50LmRlXC9tZXJ0b25cL3dwLWNvbnRlbnRcL3VwbG9hZHNcL3NpdGVzXC83XC8yMDIwXC8wNVwvaW1hZ2UwMDAxMS5qcGVnIiwic2xpZGVzaG93IjoiYWZiMDI0OCJ9\">\n\t\t\t\t\t<div class=\"e-gallery-image elementor-gallery-item__image\" data-thumbnail=\"https:\/\/thaiwok-restaurant.de\/merton\/wp-content\/uploads\/sites\/7\/2020\/05\/image00011.jpeg\" data-width=\"2048\" data-height=\"1536\" aria-label=\"Thai Wok Restaurant Frankfurt | Merton&#039;s Passage | thail\u00e4ndische K\u00fcche | sch\u00f6nes Ambiente\" role=\"img\" ><\/div>\n\t\t\t\t\t\t\t\t\t\t\t<div class=\"elementor-gallery-item__overlay\"><\/div>\n\t\t\t\t\t\t\t\t\t\t\t\t\t\t<\/a>\n\t\t\t\t\t<\/div>\n\t\t\t\t\t<\/div>\n\t\t\t\t<\/div>\n\t\t\t\t\t<\/div>\n\t\t<\/div>\n\t\t\t\t\t<\/div>\n\t\t<\/section>\n\t\t\t\t<\/div>\n\t\t","protected":false},"excerpt":{"rendered":"","protected":false},"author":1,"featured_media":0,"parent":0,"menu_order":0,"comment_status":"closed","ping_status":"closed","template":"elementor_header_footer","meta":{"footnotes":""},"class_list":["post-279","page","type-page","status-publish","hentry"],"_links":{"self":[{"href":"https:\/\/thaiwok-restaurant.de\/merton\/wp-json\/wp\/v2\/pages\/279","targetHints":{"allow":["GET"]}}],"collection":[{"href":"https:\/\/thaiwok-restaurant.de\/merton\/wp-json\/wp\/v2\/pages"}],"about":[{"href":"https:\/\/thaiwok-restaurant.de\/merton\/wp-json\/wp\/v2\/types\/page"}],"author":[{"embeddable":true,"href":"https:\/\/thaiwok-restaurant.de\/merton\/wp-json\/wp\/v2\/users\/1"}],"replies":[{"embeddable":true,"href":"https:\/\/thaiwok-restaurant.de\/merton\/wp-json\/wp\/v2\/comments?post=279"}],"version-history":[{"count":0,"href":"https:\/\/thaiwok-restaurant.de\/merton\/wp-json\/wp\/v2\/pages\/279\/revisions"}],"wp:attachment":[{"href":"https:\/\/thaiwok-restaurant.de\/merton\/wp-json\/wp\/v2\/media?parent=279"}],"curies":[{"name":"wp","href":"https:\/\/api.w.org\/{rel}","templated":true}]}}